ions digit of 5727124?
5
What is the ten thousands digit of 585949?
8
What is the tens digit of 7689885?
8
What is the tens digit of 32116?
1
What is the thousands digit of 1084272?
4
What is the tens digit of 264067?
6
What is the units digit of 1205916?
6
What is the hundred thousands digit of 1025092?
0
What is the hundreds digit of 6199160?
1
What is the ten thousands digit of 17378003?
7
What is the hundred thousands digit of 11539598?
5
What is the hundred thousands digit of 9768170?
7
What is the millions digit of 1218340?
1
What is the thousands digit of 1033756?
3
What is the hundred thousands digit of 303025?
3
What is the ten thousands digit of 2084280?
8
What is the thousands digit of 1381874?
1
What is the hundreds digit of 493856?
8
What is the hundreds digit of 662537?
5
What is the thousands digit of 7483439?
3
What is the thousands digit of 4762366?
2
What is the hundred thousands digit of 3113739?
1
What is the units digit of 1232823?
3
What is the tens digit of 286224?
2
What is the hundred thousands digit of 640423?
6
What is the hundred thousands digit of 108970?
1
What is the hundred thousands digit of 27609284?
6
What is the hundreds digit of 3576502?
5
What is the millions digit of 2623783?
2
What is the tens digit of 11713204?
0
What is the hundreds digit of 2995101?
1
What is the hundreds digit of 4174278?
2
What is the millions digit of 1270310?
1
What is the ten thousands digit of 508482?
0
What is the millions digit of 13506301?
3
What is the hundreds digit of 2781046?
0
What is the hundreds digit of 216371?
3
What is the units digit of 494485?
5
What is the thousands digit of 170426?
0
What is the thousands digit of 41314?
1
What is the hundred thousands digit of 1218660?
2
What is the hundred thousands digit of 4443878?
4
What is the hundreds digit of 844669?
6
What is the tens digit of 2494435?
3
What is the tens digit of 163688?
8
What is the tens digit of 3503489?
8
What is the hundreds digit of 185370?
3
What is the ten thousands digit of 115181?
1
What is the ten thousands digit of 248050?
4
What is the ten thousands digit of 373396?
7
What is the hundreds digit of 2054403?
4
What is the ten thousands digit of 5352259?
5
What is the ten millions digit of 15216771?
1
What is the tens digit of 21145977?
7
What is the ten thousands digit of 5852907?
5
What is the millions digit of 18743351?
8
What is the millions digit of 1116076?
1
What is the millions digit of 1598098?
1
What is the ten thousands digit of 529921?
2
What is the hundred thousands digit of 322929?
3
What is the units digit of 1145020?
0
What is the millions digit of 7883738?
7
What is the units digit of 517040?
0
What is the tens digit of 29662806?
0
What is the millions digit of 4477806?
4
What is the thousands digit of 990504?
0
What is the hundreds digit of 20822693?
6
What is the tens digit of 2948863?
6
What is the tens digit of 647752?
5
What is the hundred thousands digit of 257515?
2
What is the thousands digit of 132368?
2
What is the tens digit of 3447015?
1
What is the units digit of 13436156?
6
What is the hundreds digit of 163796?
7
What is the ten thousands digit of 103959?
0
What is the ten thousands digit of 422689?
2
What is the tens digit of 466828?
2
What is the tens digit of 3488977?
7
What is the hundreds digit of 20874859?
8
What is the units digit of 129928?
8
What is the tens digit of 325420?
2
What is the ten thousands digit of 1161115?
6
What is the thousands digit of 9388855?
8
What is the millions digit of 23311601?
3
What is the hundreds digit of 9580083?
0
What is the tens digit of 322339?
3
What is the ten millions digit of 10013976?
1
What is the hundred thousands digit of 186083?
1
What is the units digit of 3633332?
2
What is the thousands digit of 970087?
0
What is the millions digit of 6183741?
6
What is the tens digit of 144025?
2
What is the hundreds digit of 2815321?
3
What is the ten thousands digit of 679177?
7
What is the hundred thousands digit of 695005?
6
What is the tens digit of 4373062?
6
What is the hundred thousands digit of 1610245?
6
What is the ten thousands digit of 506508?
0
What is the hundred thousands digit of 3045086?
0
What is the ten thousands digit of 83630?
8
What is the hundreds digit of 862368?
3
What is the hundred thousands digit of 110024?
1
What is the units digit of 2061626?
6
What is the units digit of 24242354?
4
What is the millions digit of 1197307?
1
What is the tens digit of 1103685?
8
What is the ten thousands digit of 3680934?
8
What is the hundred thousands digit of 251995?
2
What is the tens digit of 1767059?
5
What is the hundred thousands digit of 7445950?
4
What is the tens digit of 20821621?
2
What is the millions digit of 33880050?
3
What is the thousands digit of 285878?
5
What is the hundred thousands digit of 218344?
2
What is the ten thousands digit of 69162?
6
What is the hundred thousands digit of 19322012?
3
What is the tens digit of 1058787?
8
What is the thousands digit of 12963?
2
What is the ten millions digit of 22371435?
2
What is the hundreds digit of 192496?
4
What is the units digit of 75499?
9
What is the units digit of 617078?
8
What is the thousands digit of 16025424?
5
What is the thousands digit of 93680?
3
What is the thousands digit of 408394?
8
What is the tens digit of 1961994?
9
What is the hundred thousands digit of 32989256?
9
What is the thousands digit of 3232910?
2
What is the ten thousands digit of 8373596?
7
What is the millions digit of 11740630?
1
What is the thousands digit of 1970854?
0
What is the tens digit of 1396833?
3
What is the thousands digit of 619188?
9
What is the tens digit of 224328?
2
What is the units digit of 82085?
5
What is the hundreds digit of 339374?
3
What is the tens digit of 259055?
5
What is the thousands digit of 3080571?
0
What is the tens digit of 1112246?
4
What is the tens digit of 9081279?
7
What is the tens digit of 5476530?
3
What is the hundreds digit of 15611?
6
What is the ten thousands digit of 5919731?
1
What is the thousands digit of 2722?
2
What is the ten thousands digit of 10266669?
6
What is the units digit of 1318169?
9
What is the thousands digit of 2298562?
8
What is the tens digit of 1392307?
0
What is the thousands digit of 1682760?
2
What is the ten thousands digit of 169708?
6
What is the hundreds digit of 4706333?
3
What is the tens digit of 126650?
5
What is the thousands digit of 7921240?
1
What is the ten thousands digit of 15973934?
7
What is the hundreds digit of 465845?
8
What is the thousands digit of 214103?
4
What is the hundreds digit of 114744?
7
What is the tens digit of 2924?
2
What is the millions digit of 6703165?
6
What is the tens digit of 10135938?
3
What is the thousands digit of 455173?
5
What is the hundred thousands digit of 2398998?
3
What is the tens digit of 438750?
5
What is the tens digit of 481089?
8
What is the hundred thousands digit of 228033?
2
What is the thousands digit of 37038?
7
What is the tens digit of 1274463?
6
What is the millions digit of 4195968?
4
What is the tens digit of 2732359?
5
What is the hundreds digit of 6494066?
0
What is the ten millions digit of 11228278?
1
What is the thousands digit of 368956?
8
What is the hundred thousands digit of 399296?
3
What is the hundreds digit of 632521?
5
What is the hundred thousands digit of 413118?
4
What is the ten thousands digit of 31968055?
6
What is the thousands digit of 910526?
0
What is the hundred thousands digit of 525882?
5
What is the thousands digit of 24611?
4
What is the hundred thousands digit of 4322957?
3
What is the units digit of 3225445?
5
What is the ten thousands digit of 1050573?
5
What is the thousands digit of 7518850?
8
What is the thousands digit of 757834?
7
What is the tens digit of 6569942?
4
What is the millions digit of 3220098?
3
What is the thousands digit of 12901340?
1
What is the tens digit of 8774583?
8
What is the millions digit of 8111155?
8
What is the units digit of 8444?
4
What is the millions digit of 1007583?
1
What is the thousands digit of 254338?
4
What is the hundreds digit of 21089350?
3
What is the ten thousands digit of 3657441?
5
What is the tens digit of 542200?
0
What is the ten thousands digit of 10911157?
1
What is the hundre